{"id":69,"date":"2026-04-17T02:55:46","date_gmt":"2026-04-17T02:55:46","guid":{"rendered":"https:\/\/fundacja-mandalo.org\/?page_id=69"},"modified":"2026-04-22T14:03:27","modified_gmt":"2026-04-22T14:03:27","slug":"balkon","status":"publish","type":"page","link":"https:\/\/fundacja-mandalo.org\/?page_id=69","title":{"rendered":"Balkon"},"content":{"rendered":"\n<p><\/p>\n\n\n\n<p><\/p>\n\n\n\n<p class=\"has-small-font-size\" style=\"margin-top:var(--wp--preset--spacing--50);margin-bottom:var(--wp--preset--spacing--50)\">\u00a0\u00a0\u00a0\u00a0\u00a0\u00a0\u00a0\u00a0\u00a0\u00a0\u00a0\u00a0\u00a0\u00a0\u00a0\u00a0\u00a0\u00a0\u00a0\u00a0\u00a0\u00a0\u00a0\u00a0\u00a0\u00a0\u00a0\u00a0\u00a0\u00a0\u00a0\u00a0\u00a0\u00a0\u00a0\u00a0\u00a0\u00a0\u00a0\u00a0\u00a0\u00a0\u00a0\u00a0\u00a0\u00a0\u00a0\u00a0\u00a0\u00a0\u00a0\u00a0\u00a0\u00a0\u00a0\u00a0\u00a0\u00a0\u00a0\u00a0\u00a0\u00a0\u00a0\u00a0\u00a0\u00a0\u00a0\u00a0\u00a0\u00a0\u00a0\u00a0\u00a0\u00a0\u00a0\u00a0\u00a0\u00a0\u00a0\u00a0\u00a0\u00a0\u00a0\u00a0\u00a0\u00a0\u00a0\u00a0\u00a0\u00a0\u00a0\u00a0\u00a0\u00a0\u00a0\u00a0\u00a0\u00a0\u00a0\u00a0\u00a0\u00a0\u00a0\u00a0\u00a0\u00a0\u00a0\u00a0\u00a0\u00a0\u00a0\u00a0\u00a0\u00a0\u00a0\u00a0\u00a0\u00a0\u00a0\u00a0\u00a0\u00a0\u00a0\u00a0\u00a0\u00a0\u00a0\u00a0\u00a0\u00a0\u00a0\u00a0\u00a0\u00a0\u00a0\u00a0\u00a0\u00a0\u00a0\u00a0\u00a0\u00a0\u00a0Wroc\u0142aw, 16.04.2026 r.<\/p>\n\n\n\n<p>Szanowni Pa\u0144stwo, dzie\u0144 dobry.<\/p>\n\n\n\n<p>Nazywam si\u0119 Matylda Turniak, jestem mieszkank\u0105 naszego osiedla.<\/p>\n\n\n\n<p>Pozwoli\u0142am sobie podzieli\u0107 si\u0119 z Pa\u0144stwem  dwiema istotnymi kwestiami,my\u015bl\u0119, \u017ce s\u0105 szalenie istotne i dotycz\u0105ce nas wszystkich.<\/p>\n\n\n\n<p>Postaram si\u0119 je opisa\u0107 w spos\u00f3b zrozumia\u0142y, zwi\u0119z\u0142y i bezstronny.<\/p>\n\n\n\n<p>Uchwa\u0142a nr 6\/2026 w sprawie okre\u015blenia sposobu ponoszenia koszt\u00f3w eksploatacji oraz remont\u00f3w balkon\u00f3w.<\/p>\n\n\n\n<p>Szanowni Pa\u0144stwo, proponowana uchwa\u0142a daje szerok\u0105 \u201ew\u0142adz\u0119\u201d zarz\u0105dowi,zawiera tak\u017ce zapisy o przerzucaniu na nas, Mieszka\u0144c\u00f3w koszt\u00f3w remont\u00f3w cz\u0119\u015bci wsp\u00f3lnych co jest niezgodne z prawem, my &#8211; Mieszka\u0144cy mamy ponosi\u0107 koszty za malowanie barierek, napraw\u0119 fasady?<\/p>\n\n\n\n<p>Ponadto uchwa\u0142a&nbsp; daje zarz\u0105dowi decyzyjno\u015b\u0107, mo\u017cliwo\u015b\u0107 na\u0142o\u017cenie kary je\u015bli zarz\u0105d uzna to za stosowne (mamy z m\u0119\u017cem przechlapane).<\/p>\n\n\n\n<p>W polskim prawie przyjmuje si\u0119, \u017ce:<\/p>\n\n\n\n<ul class=\"wp-block-list\">\n<li>elementy konstrukcyjne balkon\u00f3w (np. p\u0142yta balkonowa, izolacja, elewacja) s\u0105 cz\u0119\u015bci\u0105 nieruchomo\u015bci wsp\u00f3lnej,<\/li>\n\n\n\n<li>a wi\u0119c co do zasady koszty ich utrzymania powinna ponosi\u0107 wsp\u00f3lnota (wszyscy w\u0142a\u015bciciele proporcjonalnie).<\/li>\n<\/ul>\n\n\n\n<p>Uchwa\u0142a wprowadza zasad\u0119:<\/p>\n\n\n\n<ul class=\"wp-block-list\">\n<li>50% koszt\u00f3w konstrukcji \u2192 w\u0142a\u015bciciel konkretnego lokalu<\/li>\n\n\n\n<li>50% \u2192 wsp\u00f3lnota<\/li>\n<\/ul>\n\n\n\n<p>Ponadto,<\/p>\n\n\n\n<ul class=\"wp-block-list\">\n<li>wsp\u00f3lnota nie mo\u017ce dowolnie przerzuca\u0107 koszt\u00f3w cz\u0119\u015bci wsp\u00f3lnej na jednego w\u0142a\u015bciciela, je\u015bli brak wyra\u017anej podstawy prawnej,<\/li>\n\n\n\n<li>s\u0105dy wielokrotnie wskazywa\u0142y, \u017ce p\u0142yta balkonowa i elementy konstrukcyjne to cz\u0119\u015b\u0107 wsp\u00f3lna, wi\u0119c finansowanie ich \u201epo po\u0142owie\u201d mo\u017ce by\u0107 uznane za sprzeczne z ustaw\u0105.<\/li>\n<\/ul>\n\n\n\n<p class=\"has-small-font-size\">Najbardziej ryzykowny zapis &nbsp;&nbsp;&nbsp;&nbsp;&nbsp;&nbsp;&nbsp;&nbsp;&nbsp;&nbsp;&nbsp;&nbsp;&nbsp;&nbsp;&nbsp;&nbsp;&nbsp;&nbsp;&nbsp;&nbsp;&nbsp;&nbsp;&nbsp;&nbsp;&nbsp;&nbsp;&nbsp;&nbsp;&nbsp;&nbsp;&nbsp;&nbsp;&nbsp;&nbsp;&nbsp;&nbsp;&nbsp;&nbsp;&nbsp;&nbsp;&nbsp;&nbsp;&nbsp;&nbsp;&nbsp;&nbsp;&nbsp;&nbsp;&nbsp;&nbsp;&nbsp;&nbsp;&nbsp;&nbsp;&nbsp;<\/p>\n\n\n\n<p>\u201eW przypadku braku naprawy lub nienale\u017cytego utrzymania, konserwacji element\u00f3w powo\u0142anych w pkt ust. 1 pkt 2)lub w przypadku braku terminowego zastosowania si\u0119 do zalece\u0144 wynikaj\u0105cych z ogl\u0119dzin, o kt\u00f3rych mowa w ust.3, wszelkie koszty powo\u0142ane w ust.1 pkt.1 b\u0119d\u0105 obci\u0105\u017ca\u0142y W\u0142a\u015bciciela balkonu, tarasu lub loggi\u0119\u201d.<\/p>\n\n\n\n<p>Nie s\u0105dzicie Pa\u0144stwo, \u017ce jest to zbyt daleko id\u0105c\u0105 sankcj\u0105, przerzucenie 100% koszt\u00f3w konstrukcji na w\u0142a\u015bciciela jako \u201ekara\u201d. Potencjalnie sprzeczn\u0105 z ustaw\u0105 (bo zmienia zasady odpowiedzialno\u015bci za cz\u0119\u015b\u0107 wsp\u00f3ln\u0105)?<\/p>\n\n\n\n<p>Wydaje mi si\u0119,\u017ce zarz\u0105d marzy o w\u0142adzy absolutnej, decyduj\u0105cej o tym czy min.odpowiednio zaopiekowali\u015bcie si\u0119 swoimi balkonami.Mo\u017ce jaka\u015b piana, woskowanie, podgrzewanie, aaa i koniecznie trzeba za\u015bpiewa\u0107, nasze balkony to uwielbiaj\u0105.\ud83d\ude42<\/p>\n\n\n\n<p>Ponadto zapis w uchwale, cyt. \u201e\u2026 upowa\u017cniaj\u0105 Zarz\u0105d Wsp\u00f3lnoty Mieszkaniowej do roz\u0142o\u017cenia na raty \u015bwiadczenia nale\u017cnego od W\u0142a\u015bciciela balkonu, loggi lub tarasu wymagaj\u0105cego remontu na warunkach i wed\u0142ug uznania Zarz\u0105du Wsp\u00f3lnoty Mieszkaniowej(?!)(no i znowu z m\u0119\u017cem mamy przechlapane).<\/p>\n\n\n\n<p>Co wg Pa\u0144stwa znaczy \u201ewed\u0142ug uznania Zarz\u0105du\u201d? Mnie i m\u0119\u017ca cz\u0142onkowie zarz\u0105du nie darz\u0105 sympati\u0105 wi\u0119c mog\u0119 zapomnie\u0107 o \u0142askawym traktowaniu, ratach, generalnie ju\u017c po nas \ud83d\ude42<\/p>\n\n\n\n<p>Zapis ten jest szalenie ryzykowny i na pewno b\u0119dzie kwestionowany w s\u0105dzie.<\/p>\n\n\n\n<p>Szanowni Pa\u0144stwo,sformu\u0142owanie:<\/p>\n\n\n\n<p>\u201ena warunkach i wed\u0142ug uznania Zarz\u0105du\u201d<\/p>\n\n\n\n<ul class=\"wp-block-list\">\n<li>daje zarz\u0105dowi bardzo szerok\u0105, nieograniczon\u0105 swobod\u0119,<\/li>\n\n\n\n<li>rozk\u0142adania p\u0142atno\u015bci \u201ewed\u0142ug uznania\u201d<\/li>\n\n\n\n<li>mo\u017ce prowadzi\u0107 do nier\u00f3wnego traktowania w\u0142a\u015bcicieli.<\/li>\n\n\n\n<li>oceny, czy \u201ezaniedba\u0142a\u015b\u201d balkon,<\/li>\n\n\n\n<li>decydowania, czy masz p\u0142aci\u0107 50% czy 100%,<\/li>\n<\/ul>\n\n\n\n<p>Szanowni Pa\u0144stwo, naprawd\u0119 chcemy da\u0107 takie prawo zarz\u0105dowi, temu kt\u00f3ry przez wiele lat n\u0119ka\u0142 jednego z mieszka\u0144c\u00f3w, powodem by\u0142a przyczepa campingow\u0105? Chyba te\u017c go nie lubili, widz\u0119, \u017ce przyczepa stoi na parkingu to chyba tego mieszka\u0144ca polubili, szcz\u0119\u015bciarz. \ud83d\ude42<\/p>\n\n\n\n<p>Zarz\u0105dowi, kt\u00f3ry nie dostosowa\u0142 si\u0119 do zleconego przez siebie na moj\u0105 i m\u0119\u017ca pro\u015bb\u0119 z dnia 05.11.2026 r. Raportowi technicznemu&nbsp; (jaki tupet!)odno\u015bnie przecieku na naszych balkonach, nara\u017caj\u0105c nas oraz wszystkich mieszka\u0144c\u00f3w na zupe\u0142nie zb\u0119dne koszty?<\/p>\n\n\n\n<p>Dlaczego si\u0119 nie dostosowa\u0142?<\/p>\n\n\n\n<p>Do dzi\u015b nie otrzyma\u0142am odpowiedzi. Mog\u0119 tylko mniema\u0107, \u017ce uwa\u017caj\u0105, \u017ce maj\u0105 wi\u0119ksz\u0105 wiedz\u0119 w tym temacie ni\u017c.Inspektor nadzoru\/Kierownik budowy mgr in\u017c. \u0141ukasz Grzegorzewicz i odpowiedzi\u0105 jest propozycja Uchwa\u0142y nr 6\/2026.&nbsp;&nbsp;<\/p>\n\n\n\n<p>i tutaj p\u0142ynnie przechodzimy do sprawy nr 2.<\/p>\n\n\n\n<p>Pod poni\u017cszym adresem znajdziecie Pa\u0144stwo min. Raport techniczny z dnia 05.11.2026r. oraz zlecenie przez zarz\u0105dc\u0119 przeprowadzenia ekspertyzy.<\/p>\n\n\n\n<p><a href=\"https:\/\/fundacja-mandalo.org\/balkon\/\">https:\/\/fundacja-mandalo.org\/balkon\/<\/a><\/p>\n\n\n\n<p>Od lipca 2025 r. toczymy sp\u00f3r z zarz\u0105dem odno\u015bnie remontu naszych balkon\u00f3w. Zaproponowany przez Zarz\u0105d plan naprawy zw\u0142aszcza jednego z balkon\u00f3w od samego pocz\u0105tku budzi\u0142 nasz\u0105 w\u0105tpliwo\u015b\u0107.&nbsp; I tutaj narodzi\u0142a si\u0119 potrzeba zlecenia zbadania problemu fachowcowi ww ekspertowi.<\/p>\n\n\n\n<p>Raport powsta\u0142, przes\u0142any do zarz\u0105du i zarz\u0105dcy 05.11.2025 r.<\/p>\n\n\n\n<p>&nbsp;I co? I zapad\u0142a cisza&#8230;A\u017c zacz\u0119\u0142am si\u0119 martwi\u0107 o Pana R. i Pana S.Ale szcz\u0119\u015bliwie przypomnia\u0142am sobie co przewidzia\u0142 Pan Inspektor podczas ekspertyzy, cyt: \u201ezalecenia nie spodobaj\u0105 si\u0119 zarz\u0105dowi i zarz\u0105dcy&#8221;.<\/p>\n\n\n\n<p>No i si\u0119 nie spodoba\u0142y.<\/p>\n\n\n\n<p>Powt\u00f3rz\u0119, od dnia 05.11.2025 r. zarz\u0105d nie skontaktowa\u0142 si\u0119 z nami\/nie zaj\u0105\u0142 stanowiska.<\/p>\n\n\n\n<p>Wys\u0142a\u0142am zapytanie do zarz\u0105dcy czy uzyskam odpowied\u017a na zadane pytanie, do dnia 16.04.2026 r. nie otrzyma\u0142am odpowiedzi.<\/p>\n\n\n\n<p>Nieoficjalnie wiem, i\u017c ca\u0142kowicie neguj\u0105 raport.<\/p>\n\n\n\n<p>Wydaje mi si\u0119 r\u00f3wnie\u017c, i\u017c odpowiedzi\u0105 jest w\u0142a\u015bnie ta uchwa\u0142a 6\/2026 daj\u0105ca zarz\u0105dowi nieograniczone prawo w sprawie jak wykona\u0107 remont na danym balkonie oraz zwi\u0105zanych z tym zobowi\u0105za\u0144 finansowych.<\/p>\n\n\n\n<p>Remont naszych balkon\u00f3w wg pomys\u0142u i widzimisi\u0119  pan\u00f3w z zarz\u0105du i ich \u015bwity, mija si\u0119 z celem, problem przecieku nadal pozostanie,oni nie szukaj\u0105 \u017ar\u00f3d\u0142a problemu. A je\u015bli zostanie im wskazany, to co robi\u0105? Neguj\u0105 go.&nbsp;<\/p>\n\n\n\n<p>Podkre\u015blam, neguj\u0105 wytyczne raportu zleconego przez samych siebie (zgodzili si\u0119 na wykonanie ekspertyzy poniewa\u017c byli pewni, \u017ce maj\u0105 racj\u0119), a wykonawc\u0105 jest Inspektor budowlany\/Kierownik budowy!<\/p>\n\n\n\n<p>Ponadto, w raporcie wskazano na liczne nieprawid\u0142owo\u015bci w wykonawstwie naszych i s\u0105siaduj\u0105cych balkon\u00f3w, wskazano wytyczne co do przeprowadzenia remontu.<\/p>\n\n\n\n<p>Raport zawiera r\u00f3wnie\u017c informacj\u0119, \u017ce izolacja przeciw wodna nie spe\u0142nia funkcji, a przepusty i obr\u00f3bki wykonano niezgodnie z zasadami sztuki budowlanej.<\/p>\n\n\n\n<p>Wskazano, \u017ce stan techniczny balkon\u00f3w w pionie lokali nr 7\u201310 nale\u017cy uzna\u0107 za niezadowalaj\u0105cy. <\/p>\n\n\n\n<p>Wskazano, \u017ce w miejscu przej\u015bcia pionu rury spustowej przez p\u0142yt\u0119 balkonow\u0105 stwierdzono bardzo du\u017ce rozszczelnienie, kt\u00f3re kt\u00f3re powoduje namakanie \u015bcian konstrukcyjnych oraz przenikanie wody do warstw balkonu i pomieszcze\u0144 poni\u017cej.<\/p>\n\n\n\n<p>Pan inspektor zaleci\u0142:<\/p>\n\n\n\n<p>\u2022 ca\u0142kowity demonta\u017c istniej\u0105cej rury spustowej (ZUPE\u0141NE ZIGNOROWANIE PROBLEMU,KLUCZOWEGO <\/p>\n\n\n\n<p>\u2022 odtworzenie warstw posadzki i tynku elewacyjnego w rejonie przepustu.<\/p>\n\n\n\n<p>W tym miejscu nale\u017cy zachowa\u0107 szczeg\u00f3ln\u0105 staranno\u015b\u0107 przy uszczelnieniu przej\u015bcia,poniewa\u017c jest to g\u0142\u00f3wne \u017ar\u00f3d\u0142o przecieku i zawilgoce\u0144 \u015bcian.<\/p>\n\n\n\n<p>Jednak\u017ce zarz\u0105d wraz ze \u015bwit\u0105 ca\u0142kowicie to zignorowali, brn\u0105 przy swoim, zrywamy kafle-k\u0142adziemy nowe kafle. Niech w\u0142a\u015bciciel p\u0142aci, nadal woda przecieka do mieszkania poni\u017cej, a co tam,kara dla w\u0142a\u015bciciela za nie traktowanie balkonu z nale\u017cyt\u0105 staranno\u015bci\u0105.<\/p>\n\n\n\n<p>Szanowni Pa\u0144stwo na balkonach stwierdzono liczne przeciw spadki oraz nieprawid\u0142owe odgi\u0119cia obr\u00f3bek czyli powodem nie jest niew\u0142a\u015bciwe u\u017cytkowanie balkon\u00f3w (zastanawiam si\u0119 co zarz\u0105d ma na my\u015bli) \ud83d\ude42&nbsp;<\/p>\n\n\n\n<p>Powodem degradacji balkon\u00f3w s\u0105 w znacznym stopniu b\u0142\u0119dy w wykonawstwie naszych balkon\u00f3w.<\/p>\n\n\n\n<p>Szanowni Pa\u0144stwo degradacja fasad b\u0119dzie nadal post\u0119powa\u0142a ze wzgl\u0119du na spos\u00f3b wykonania\/remont\u00f3w balkon\u00f3w wszystkich mieszka\u0144c\u00f3w. W raporcie jest zdj\u0119cie jednego z balkon\u00f3w wyremontowanego przez naszych lider\u00f3w w budownictwie w ostatnim czasie, degradacja bocznej \u015bcianki post\u0119puje w szybkim tempie.<\/p>\n\n\n\n<p>Podsumowuj\u0105c, Szanowni Pa\u0144stwo, nie potrafi\u0119 zaakceptowa\u0107 sposobu dzia\u0142ania zarz\u0105du Wsp\u00f3lnoty, kt\u00f3ry przejawia si\u0119 w ignorowaniu raport\u00f3w technicznych oraz pr\u00f3bach uzurpowania sobie nadmiernych uprawnie\u0144.<\/p>\n\n\n\n<p>&nbsp;Budzi m\u00f3j sprzeciw kierowanie si\u0119 subiektywnymi sympatiami wobec wybranych mieszka\u0144c\u00f3w zamiast rzeczywistego dobra ca\u0142ej wsp\u00f3lnoty.<\/p>\n\n\n\n<p>Niedopuszczalne s\u0105 r\u00f3wnie\u017c sytuacje, w kt\u00f3rych przedstawiciele zarz\u0105du \u2014 wraz z towarzysz\u0105cymi im osobami \u2014 nachodz\u0105 mieszka\u0144c\u00f3w w godzinach wieczornych i wywieraj\u0105 presj\u0119 w celu forsowania swoich decyzji. Takie dzia\u0142ania s\u0105 nieprofesjonalne, naruszaj\u0105 poczucie prywatno\u015bci i nie powinny mie\u0107 miejsca.<\/p>\n\n\n\n<p>Podczas jednej z licznych wizyt zarz\u0105du w naszym mieszkaniu, w odpowiedzi na zadane przeze mnie pytanie dotycz\u0105ce szerszego wykorzystania funduszu remontowego, w ko\u0144cu w tym celu istnieje fundusz remontowy \u2014 zwr\u00f3ci\u0142am uwag\u0119, \u017ce jako w\u0142a\u015bcicielka 2 mieszka\u0144 uiszcza podw\u00f3jn\u0105 sk\u0142adk\u0119 na ten fundusz \u2014 us\u0142ysza\u0142am stwierdzenie: \u201ejak Ci\u0119 nie sta\u0107 na utrzymanie dw\u00f3ch mieszka\u0144, to jest Tw\u00f3j problem\u201d. \ud83d\ude42<\/p>\n\n\n\n<p>Na kolejne zadane pytanie, dlaczego przy okazji remont\u00f3w moich balkon\u00f3w Wsp\u00f3lnota nie przeprowadzi remont\u00f3w zapobiegaj\u0105cych degradacji fasad naszego bloku, remontu innych wymagaj\u0105cych tego balkon\u00f3w z wykorzystaniem rusztowa\u0144, w odpowiedzi us\u0142ysza\u0142am &#8222;nie Twoja sprawa&#8221;. \ud83d\ude42<\/p>\n\n\n\n<p>&nbsp;Szanowni Pa\u0144stwo, przypadku przyj\u0119cia uchwa\u0142y w obecnym brzmieniu zamierzam skorzysta\u0107 z przys\u0142uguj\u0105cych mi \u015brodk\u00f3w prawnych i zaskar\u017cy\u0107 j\u0105 do s\u0105du.<\/p>\n\n\n\n<p>Dla jasno\u015bci podkre\u015blam, \u017ce nie jest moim zamiarem narzucanie Pa\u0144stwu swojego zdania ani opinii. Uwa\u017cam jedynie, \u017ce powinni Pa\u0144stwo mie\u0107 pe\u0142n\u0105 wiedz\u0119 o przedstawionych faktach dotycz\u0105cych propozycji zarz\u0105du co do remontu naszych balkon\u00f3w i naszym stanowisku w sprawie.<\/p>\n\n\n\n<p>Neguj\u0119 t\u0119 ustaw\u0119, do czego Pa\u0144stwa r\u00f3wnie\u017c zach\u0119cam.<\/p>\n\n\n\n<p>Zach\u0119cam do zg\u0142oszenia potrzeby modyfikacji istniej\u0105cej Uchwa\u0142y nr 5 z 2022r. ,uchwa\u0142y kt\u00f3ra b\u0119dzie dla nas mieszka\u0144c\u00f3w korzystna.<\/p>\n\n\n\n<p>Wszyscy p\u0142acimy sk\u0142adki na Fundusz remontowy, korzystajmy w wi\u0119kszym stopniu z naszych pieni\u0119dzy.&nbsp;<\/p>\n\n\n\n<p>Zadbajmy o nasz blok w nale\u017cyty spos\u00f3b, to jest przecie\u017c nasz dom.<\/p>\n\n\n\n<p>Nie wyra\u017camy zgody na finansowanie remontu balkonu b\u0119d\u0105cego wynikiem b\u0142\u0119d\u00f3w wykonawcy.<\/p>\n\n\n\n<p>Nie udzielam r\u00f3wnie\u017c absolutorium zarz\u0105dowi, do czego Pa\u0144stwa r\u00f3wnie\u017c zach\u0119cam.<\/p>\n\n\n\n<p>Ponadto, mo\u017ce nadszed\u0142 czas na zmian\u0119 sk\u0142adu zarz\u0105du i powo\u0142anie nowego, ze \u015bwie\u017cym spojrzeniem?<\/p>\n\n\n\n<p>Pozwol\u0119 sobie w tym miejscu na dygresj\u0119 odno\u015bnie naszej zieleni, czy opr\u00f3cz hortensji widzieli\u015bcie Pa\u0144stwo u nas jakie\u015b kwiaty?<\/p>\n\n\n\n<p>Jest szaro i smutno, do nas wiosna nie przychodzi, brak tulipan\u00f3w, krokus\u00f3w. A jak trawka troszk\u0119 podro\u015bnie to hyc i ju\u017c widzimy pana szalej\u0105cego z kosiark\u0105, \u017cadna stokrotka si\u0119 nie uchowa, \u017caden mlecz ( nasz \u017b\u00f3\u0142wik jest tym bardzo mocno zawiedziony).<\/p>\n\n\n\n<p>Nie odnosicie Pa\u0144stwo wra\u017cenia, \u017ce dbanie o nasz\u0105 ziele\u0144 skupia si\u0119 na obsesyjnym koszeniu trawy?<\/p>\n\n\n\n<p>Pewnego pi\u0119knego dnia napisa\u0142am do Zarz\u0105dcy i nawet uda\u0142o mi si\u0119 porozmawia\u0107 o tym z jednym z panem z zarz\u0105du, odpowiedz: no wiesz, nie wydaje mi si\u0119, i chyba nikt z mieszka\u0144c\u00f3w si\u0119 na to nie skar\u017cy\u0142 \ud83d\ude42<\/p>\n\n\n\n<p>Ponadto zapyta\u0142am Zarz\u0105dc\u0119 czy mo\u017ce zamiast obsesyjnie kosi\u0107 traw\u0119 mo\u017cna by si\u0119 w ko\u0144cu zaj\u0105\u0107 uporz\u0105dkowaniem skarpy, nasadzi\u0107 kwiat\u00f3w. Odpowied\u017a Pana Ganca: to niech Pani co\u015b wymy\u015bli. Kurtyna opad\u0142a \ud83d\ude42<\/p>\n\n\n\n<p>Jednocze\u015bnie chcia\u0142abym Pa\u0144stwa poinformowa\u0107 ,\u017ce brak uwzgl\u0119dnienia zalece\u0144 wynikaj\u0105cych z raportu technicznego oraz brak akceptacji dla proponowanego planu remontowego, kt\u00f3ry w mojej ocenie jest nieuzasadniony, prowadzi do sytuacji, w kt\u00f3rej rozstrzygni\u0119cie sporu b\u0119dzie musia\u0142o nast\u0105pi\u0107 na drodze s\u0105dowej.<\/p>\n\n\n\n<p>Zapraszam Pa\u0144stwa do kontaktu w razie potrzeby wyja\u015bnienia lub om\u00f3wienia przedstawionych kwestii. Kontakt ze mn\u0105 mo\u017cliwy jest drog\u0105 mailow\u0105 pod adresem: matyldaturniak@gmail.com , a osoby posiadaj\u0105ce m\u00f3j numer telefonu mog\u0105 r\u00f3wnie\u017c skontaktowa\u0107 si\u0119 ze mn\u0105 telefonicznie. <\/p>\n\n\n\n<p>Informuj\u0119 r\u00f3wnie\u017c, \u017ce nie b\u0119d\u0119 reagowa\u0107 na dalsze komentarze ze strony zarz\u0105du, cho\u0107 spodziewam si\u0119 odpowiedzi w ich uroczym stylu \ud83d\ude42 &nbsp;&nbsp;&nbsp;&nbsp;&nbsp;&nbsp;&nbsp;&nbsp;&nbsp;&nbsp;&nbsp;&nbsp;&nbsp;&nbsp;&nbsp;&nbsp;&nbsp;&nbsp;&nbsp;&nbsp;&nbsp;&nbsp;&nbsp;&nbsp;&nbsp;&nbsp;&nbsp;&nbsp;&nbsp;&nbsp;&nbsp;&nbsp;&nbsp;&nbsp;&nbsp;&nbsp;&nbsp;&nbsp;&nbsp;&nbsp;&nbsp;&nbsp;&nbsp;&nbsp;&nbsp;&nbsp;&nbsp;&nbsp;&nbsp;&nbsp;&nbsp;&nbsp;&nbsp;&nbsp;&nbsp;&nbsp;&nbsp;&nbsp;&nbsp;&nbsp;&nbsp;&nbsp;&nbsp;&nbsp;&nbsp;&nbsp;&nbsp;&nbsp;&nbsp;&nbsp;&nbsp;&nbsp;&nbsp;&nbsp;&nbsp;&nbsp;&nbsp;&nbsp;&nbsp;&nbsp;&nbsp;&nbsp;&nbsp;&nbsp;&nbsp;&nbsp;&nbsp;&nbsp;Z wyrazami szacunku<\/p>\n\n\n\n<p>&nbsp;&nbsp;&nbsp;&nbsp;&nbsp;&nbsp;&nbsp;&nbsp;&nbsp;&nbsp;&nbsp;&nbsp;&nbsp;&nbsp;&nbsp;&nbsp;&nbsp;&nbsp;&nbsp;&nbsp;&nbsp;&nbsp;&nbsp;&nbsp;&nbsp;&nbsp;&nbsp;&nbsp;&nbsp;&nbsp;&nbsp;&nbsp;&nbsp;&nbsp;&nbsp;&nbsp;&nbsp;&nbsp;&nbsp;&nbsp;&nbsp;&nbsp;&nbsp;&nbsp;&nbsp;&nbsp;&nbsp;&nbsp;&nbsp;&nbsp;&nbsp;&nbsp;&nbsp;&nbsp;&nbsp;&nbsp;&nbsp;&nbsp;&nbsp;&nbsp;&nbsp;&nbsp;&nbsp;&nbsp;&nbsp;&nbsp;&nbsp;&nbsp;&nbsp;&nbsp;&nbsp;&nbsp;&nbsp;&nbsp;&nbsp;&nbsp;&nbsp;&nbsp;&nbsp;&nbsp;&nbsp;&nbsp;&nbsp;&nbsp;&nbsp;&nbsp;&nbsp;Matylda &amp; Waldek Turniak<\/p>\n\n\n\n<p><\/p>\n\n\n\n<p><\/p>\n\n\n\n<p><\/p>\n\n\n\n<p>&nbsp;&nbsp;&nbsp;&nbsp;&nbsp;&nbsp;&nbsp;&nbsp;&nbsp;&nbsp;&nbsp;&nbsp;&nbsp;&nbsp;&nbsp;&nbsp;&nbsp;&nbsp;&nbsp;&nbsp;&nbsp;&nbsp;&nbsp;&nbsp;&nbsp;&nbsp;&nbsp;&nbsp;&nbsp;<\/p>\n\n\n\n<p><\/p>\n\n\n\n<p><a href=\"https:\/\/fundacja-mandalo.org\/balkon\/\" data-type=\"link\" data-id=\"https:\/\/fundacja-mandalo.org\/balkon\/\" target=\"_blank\" rel=\"noreferrer noopener\">https:\/\/fundacja-mandalo.org\/balkon\/<\/a><\/p>\n\n\n\n<p><\/p>\n","protected":false},"excerpt":{"rendered":"<p>\u00a0\u00a0\u00a0\u00a0\u00a0\u00a0\u00a0\u00a0\u00a0\u00a0\u00a0\u00a0\u00a0\u00a0\u00a0\u00a0\u00a0\u00a0\u00a0\u00a0\u00a0\u00a0\u00a0\u00a0\u00a0\u00a0\u00a0\u00a0\u00a0\u00a0\u00a0\u00a0\u00a0\u00a0\u00a0\u00a0\u00a0\u00a0\u00a0\u00a0\u00a0\u00a0\u00a0\u00a0\u00a0\u00a0\u00a0\u00a0\u00a0\u00a0\u00a0\u00a0\u00a0\u00a0\u00a0\u00a0\u00a0\u00a0\u00a0\u00a0\u00a0\u00a0\u00a0\u00a0\u00a0\u00a0\u00a0\u00a0\u00a0\u00a0\u00a0\u00a0\u00a0\u00a0\u00a0\u00a0\u00a0\u00a0\u00a0\u00a0\u00a0\u00a0\u00a0\u00a0\u00a0\u00a0\u00a0\u00a0\u00a0\u00a0\u00a0\u00a0\u00a0\u00a0\u00a0\u00a0\u00a0\u00a0\u00a0\u00a0\u00a0\u00a0\u00a0\u00a0\u00a0\u00a0\u00a0\u00a0\u00a0\u00a0\u00a0\u00a0\u00a0\u00a0\u00a0\u00a0\u00a0\u00a0\u00a0\u00a0\u00a0\u00a0\u00a0\u00a0\u00a0\u00a0\u00a0\u00a0\u00a0\u00a0\u00a0\u00a0\u00a0\u00a0\u00a0\u00a0\u00a0\u00a0\u00a0\u00a0\u00a0\u00a0\u00a0Wroc\u0142aw, 16.04.2026 r. Szanowni Pa\u0144stwo, dzie\u0144 dobry. Nazywam si\u0119 Matylda Turniak, jestem mieszkank\u0105 naszego osiedla. Pozwoli\u0142am sobie podzieli\u0107 si\u0119 z Pa\u0144stwem dwiema istotnymi kwestiami,my\u015bl\u0119, \u017ce s\u0105 szalenie istotne i dotycz\u0105ce nas wszystkich. Postaram si\u0119 je opisa\u0107 w spos\u00f3b zrozumia\u0142y, zwi\u0119z\u0142y i bezstronny. Uchwa\u0142a nr 6\/2026 w sprawie okre\u015blenia sposobu ponoszenia koszt\u00f3w eksploatacji oraz remont\u00f3w balkon\u00f3w. [&hellip;]<\/p>\n","protected":false},"author":1,"featured_media":0,"parent":0,"menu_order":0,"comment_status":"closed","ping_status":"closed","template":"","meta":{"footnotes":""},"class_list":["post-69","page","type-page","status-publish","hentry"],"_links":{"self":[{"href":"https:\/\/fundacja-mandalo.org\/index.php?rest_route=\/wp\/v2\/pages\/69","targetHints":{"allow":["GET"]}}],"collection":[{"href":"https:\/\/fundacja-mandalo.org\/index.php?rest_route=\/wp\/v2\/pages"}],"about":[{"href":"https:\/\/fundacja-mandalo.org\/index.php?rest_route=\/wp\/v2\/types\/page"}],"author":[{"embeddable":true,"href":"https:\/\/fundacja-mandalo.org\/index.php?rest_route=\/wp\/v2\/users\/1"}],"replies":[{"embeddable":true,"href":"https:\/\/fundacja-mandalo.org\/index.php?rest_route=%2Fwp%2Fv2%2Fcomments&post=69"}],"version-history":[{"count":23,"href":"https:\/\/fundacja-mandalo.org\/index.php?rest_route=\/wp\/v2\/pages\/69\/revisions"}],"predecessor-version":[{"id":98,"href":"https:\/\/fundacja-mandalo.org\/index.php?rest_route=\/wp\/v2\/pages\/69\/revisions\/98"}],"wp:attachment":[{"href":"https:\/\/fundacja-mandalo.org\/index.php?rest_route=%2Fwp%2Fv2%2Fmedia&parent=69"}],"curies":[{"name":"wp","href":"https:\/\/api.w.org\/{rel}","templated":true}]}}