{"id":2,"date":"2023-09-19T13:54:16","date_gmt":"2023-09-19T13:54:16","guid":{"rendered":"http:\/\/fundacja-mandalo.org\/?page_id=2"},"modified":"2023-10-06T07:01:32","modified_gmt":"2023-10-06T07:01:32","slug":"sample-page","status":"publish","type":"page","link":"https:\/\/fundacja-mandalo.org\/?page_id=2","title":{"rendered":"Statut i misja"},"content":{"rendered":"\n<p>Celem Fundacji jest:<\/p>\n\n\n\n<ol class=\"wp-block-list\" type=\"1\" start=\"1\">\n<li>dzia\u0142alno\u015b\u0107 na rzecz integracji i reintegracji zawodowej i spo\u0142ecznej os\u00f3b zagro\u017conych wykluczeniem spo\u0142ecznym;<\/li>\n\n\n\n<li>promocja zatrudnienia i aktywizacji zawodowej os\u00f3b pozostaj\u0105cych bez pracy i zagro\u017conych zwolnieniem z pracy;<\/li>\n\n\n\n<li>promocja i dzia\u0142ania na rzecz nauki, szkolnictwa wy\u017cszego, edukacji, o\u015bwiaty i wychowania;<\/li>\n\n\n\n<li>dzia\u0142alno\u015b\u0107 na rzecz dzieci i m\u0142odzie\u017cy, w tym wypoczynku dzieci i m\u0142odzie\u017cy;<\/li>\n\n\n\n<li>upowszechnianie i ochrona wolno\u015bci i praw cz\u0142owieka oraz swob\u00f3d obywatelskich, a tak\u017ce dzia\u0142ania wspomagaj\u0105ce rozw\u00f3j demokracji;<\/li>\n\n\n\n<li>dzia\u0142alno\u015b\u0107 na rzecz integracji europejskiej oraz rozwijania kontakt\u00f3w i wsp\u00f3\u0142pracy mi\u0119dzy spo\u0142ecze\u0144stwami;<\/li>\n\n\n\n<li>pomoc spo\u0142eczna, w tym pomoc rodzinom i osobom w trudnej sytuacji \u017cyciowej oraz wyr\u00f3wnywanie szans tych rodzin i os\u00f3b;<\/li>\n\n\n\n<li>dzia\u0142alno\u015b\u0107 charytatywna;<\/li>\n\n\n\n<li>dzia\u0142alno\u015b\u0107 na rzecz mniejszo\u015bci narodowych i etnicznych oraz j\u0119zyka regionalnego;<\/li>\n\n\n\n<li>dzia\u0142alno\u015b\u0107 na rzecz integracji cudzoziemc\u00f3w;<\/li>\n\n\n\n<li>ochrona i promocja zdrowia, w tym dzia\u0142alno\u015bci leczniczej w rozumieniu ustawy z dnia 15 kwietnia 2011 r. o dzia\u0142alno\u015bci leczniczej (Dz. U. z 2015 r. poz. 618, z p\u00f3\u017an. zm.);<\/li>\n\n\n\n<li>dzia\u0142alno\u015b\u0107 na rzecz r\u00f3wnych praw kobiet i m\u0119\u017cczyzn;<\/li>\n\n\n\n<li>dzia\u0142alno\u015b\u0107 wspomagaj\u0105ca rozw\u00f3j gospodarczy, w tym rozw\u00f3j przedsi\u0119biorczo\u015bci;<\/li>\n\n\n\n<li>dzia\u0142alno\u015b\u0107 wspomagaj\u0105ca rozw\u00f3j wsp\u00f3lnot i spo\u0142eczno\u015bci lokalnych;<\/li>\n\n\n\n<li>promocja i dzia\u0142ania na rzecz kultury, sztuki, ochrony d\u00f3br kultury i dziedzictwa narodowego;<\/li>\n\n\n\n<li>wspieranie i upowszechniania kultury fizycznej;<\/li>\n\n\n\n<li>promocja rozwoju nowych technologii i innowacyjno\u015bci w spo\u0142ecze\u0144stwie<\/li>\n\n\n\n<li>promocja digitalizacji spo\u0142ecze\u0144stwa i dzia\u0142alno\u015bci gospodarczej<\/li>\n\n\n\n<li>promocja i wspieranie cyfryzacji<\/li>\n\n\n\n<li>udzielanie nieodp\u0142atnego poradnictwa obywatelskiego;<\/li>\n\n\n\n<li>ratownictwo i ochrona ludno\u015bci;<\/li>\n\n\n\n<li>pomoc ofiarom katastrof, kl\u0119sk \u017cywio\u0142owych, konflikt\u00f3w zbrojnych i wojen w kraju i za granic\u0105;<\/li>\n\n\n\n<li>promocja i organizacji wolontariatu;<\/li>\n\n\n\n<li>promocja Rzeczypospolitej Polskiej za granic\u0105;<\/li>\n\n\n\n<li>dzia\u0142alno\u015b\u0107 na rzecz rodziny, macierzy\u0144stwa, rodzicielstwa, upowszechniania i ochrony praw dziecka;<\/li>\n\n\n\n<li>przeciwdzia\u0142anie uzale\u017cnieniom i patologiom spo\u0142ecznym;<\/li>\n\n\n\n<li>promocja i dzia\u0142ania na rzecz porz\u0105dku i bezpiecze\u0144stwa publicznego;<\/li>\n\n\n\n<li>dzia\u0142alno\u015b\u0107 na rzecz organizacji pozarz\u0105dowych oraz podmiot\u00f3w wymienionych w art. 3 ust. 3, w zakresie okre\u015blonym w pkt 1-32a.<\/li>\n\n\n\n<li>udzielanie nieodp\u0142atnej pomocy prawnej oraz zwi\u0119kszanie \u015bwiadomo\u015bci prawnej spo\u0142ecze\u0144stwa;<\/li>\n\n\n\n<li>podtrzymywanie i upowszechnianie tradycji narodowej, piel\u0119gnowania polsko\u015bci oraz rozwoju \u015bwiadomo\u015bci narodowej, obywatelskiej i kulturowej;<\/li>\n\n\n\n<li>dzia\u0142alno\u015b\u0107 na rzecz os\u00f3b niepe\u0142nosprawnych;<\/li>\n\n\n\n<li>dzia\u0142alno\u015b\u0107 na rzecz os\u00f3b w wieku emerytalnym;<\/li>\n\n\n\n<li>promocja i dzia\u0142ania na rzecz ekologii i ochrony zwierz\u0105t oraz ochrony dziedzictwa przyrodniczego;<\/li>\n\n\n\n<li>promocja i dzia\u0142ania na rzecz turystyki i krajoznawstwa;<\/li>\n\n\n\n<li>dzia\u0142alno\u015b\u0107 wspomagaj\u0105ca rozw\u00f3j techniki, wynalazczo\u015bci i innowacyjno\u015bci oraz rozpowszechnianie i wdra\u017canie nowych rozwi\u0105za\u0144 technicznych w praktyce gospodarczej.<\/li>\n<\/ol>\n","protected":false},"excerpt":{"rendered":"<p>Celem Fundacji jest:<\/p>\n","protected":false},"author":1,"featured_media":0,"parent":0,"menu_order":0,"comment_status":"closed","ping_status":"open","template":"","meta":{"footnotes":""},"class_list":["post-2","page","type-page","status-publish","hentry"],"_links":{"self":[{"href":"https:\/\/fundacja-mandalo.org\/index.php?rest_route=\/wp\/v2\/pages\/2","targetHints":{"allow":["GET"]}}],"collection":[{"href":"https:\/\/fundacja-mandalo.org\/index.php?rest_route=\/wp\/v2\/pages"}],"about":[{"href":"https:\/\/fundacja-mandalo.org\/index.php?rest_route=\/wp\/v2\/types\/page"}],"author":[{"embeddable":true,"href":"https:\/\/fundacja-mandalo.org\/index.php?rest_route=\/wp\/v2\/users\/1"}],"replies":[{"embeddable":true,"href":"https:\/\/fundacja-mandalo.org\/index.php?rest_route=%2Fwp%2Fv2%2Fcomments&post=2"}],"version-history":[{"count":4,"href":"https:\/\/fundacja-mandalo.org\/index.php?rest_route=\/wp\/v2\/pages\/2\/revisions"}],"predecessor-version":[{"id":50,"href":"https:\/\/fundacja-mandalo.org\/index.php?rest_route=\/wp\/v2\/pages\/2\/revisions\/50"}],"wp:attachment":[{"href":"https:\/\/fundacja-mandalo.org\/index.php?rest_route=%2Fwp%2Fv2%2Fmedia&parent=2"}],"curies":[{"name":"wp","href":"https:\/\/api.w.org\/{rel}","templated":true}]}}

<p>Celem Fundacji jest:</p>



<ol class="wp-block-list" type="1" start="1">
<li>działalność na rzecz integracji i reintegracji zawodowej i społecznej osób zagrożonych wykluczeniem społecznym;</li>



<li>promocja zatrudnienia i aktywizacji zawodowej osób pozostających bez pracy i zagrożonych zwolnieniem z pracy;</li>



<li>promocja i działania na rzecz nauki, szkolnictwa wyższego, edukacji, oświaty i wychowania;</li>



<li>działalność na rzecz dzieci i młodzieży, w tym wypoczynku dzieci i młodzieży;</li>



<li>upowszechnianie i ochrona wolności i praw człowieka oraz swobód obywatelskich, a także działania wspomagające rozwój demokracji;</li>



<li>działalność na rzecz integracji europejskiej oraz rozwijania kontaktów i współpracy między społeczeństwami;</li>



<li>pomoc społeczna, w tym pomoc rodzinom i osobom w trudnej sytuacji życiowej oraz wyrównywanie szans tych rodzin i osób;</li>



<li>działalność charytatywna;</li>



<li>działalność na rzecz mniejszości narodowych i etnicznych oraz języka regionalnego;</li>



<li>działalność na rzecz integracji cudzoziemców;</li>



<li>ochrona i promocja zdrowia, w tym działalności leczniczej w rozumieniu ustawy z dnia 15 kwietnia 2011 r. o działalności leczniczej (Dz. U. z 2015 r. poz. 618, z późn. zm.);</li>



<li>działalność na rzecz równych praw kobiet i mężczyzn;</li>



<li>działalność wspomagająca rozwój gospodarczy, w tym rozwój przedsiębiorczości;</li>



<li>działalność wspomagająca rozwój wspólnot i społeczności lokalnych;</li>



<li>promocja i działania na rzecz kultury, sztuki, ochrony dóbr kultury i dziedzictwa narodowego;</li>



<li>wspieranie i upowszechniania kultury fizycznej;</li>



<li>promocja rozwoju nowych technologii i innowacyjności w społeczeństwie</li>



<li>promocja digitalizacji społeczeństwa i działalności gospodarczej</li>



<li>promocja i wspieranie cyfryzacji</li>



<li>udzielanie nieodpłatnego poradnictwa obywatelskiego;</li>



<li>ratownictwo i ochrona ludności;</li>



<li>pomoc ofiarom katastrof, klęsk żywiołowych, konfliktów zbrojnych i wojen w kraju i za granicą;</li>



<li>promocja i organizacji wolontariatu;</li>



<li>promocja Rzeczypospolitej Polskiej za granicą;</li>



<li>działalność na rzecz rodziny, macierzyństwa, rodzicielstwa, upowszechniania i ochrony praw dziecka;</li>



<li>przeciwdziałanie uzależnieniom i patologiom społecznym;</li>



<li>promocja i działania na rzecz porządku i bezpieczeństwa publicznego;</li>



<li>działalność na rzecz organizacji pozarządowych oraz podmiotów wymienionych w art. 3 ust. 3, w zakresie określonym w pkt 1-32a.</li>



<li>udzielanie nieodpłatnej pomocy prawnej oraz zwiększanie świadomości prawnej społeczeństwa;</li>



<li>podtrzymywanie i upowszechnianie tradycji narodowej, pielęgnowania polskości oraz rozwoju świadomości narodowej, obywatelskiej i kulturowej;</li>



<li>działalność na rzecz osób niepełnosprawnych;</li>



<li>działalność na rzecz osób w wieku emerytalnym;</li>



<li>promocja i działania na rzecz ekologii i ochrony zwierząt oraz ochrony dziedzictwa przyrodniczego;</li>



<li>promocja i działania na rzecz turystyki i krajoznawstwa;</li>



<li>działalność wspomagająca rozwój techniki, wynalazczości i innowacyjności oraz rozpowszechnianie i wdrażanie nowych rozwiązań technicznych w praktyce gospodarczej.</li>
</ol>
